6*g - n*g - 810. Let b = g - 156. What is the hundreds digit of b?
1
Let j be 36/15 - (-8)/(-20). Let k(i) = -i**3 + 0*i**2 - i**j + 12 - 3*i**2 - i + 2*i. What is the units digit of k(-5)?
2
Let m(u) = -878*u - 67. Let r be m(-11). Suppose r = 15*f + 8*f. What is the tens digit of f?
1
Let h(k) = 237*k + 247*k - 537*k - 14. What is the units digit of h(-5)?
1
Suppose 3*w + 55*n = 53*n + 23830, -4*w = -5*n - 31804. What is the units digit of w?
6
Let r(z) = -z**3 - 7*z**2 - 5*z + 6. Let g be r(-6). Let p(t) = 10*t - 25. Let x be p(3). Suppose g = x*d + 2*d - 567. What is the units digit of d?
1
Let i = 82818 + -28635. What is the hundreds digit of i?
1
Suppose 15*j - 4886063 = -108*j + 382396. What is the tens digit of j?
3
What is the tens digit of -8 + 403040/35 + 16/28?
0
Suppose 32*f - 298214 = -17*f. What is the hundreds digit of f?
0
Let a be -6*-3*25/90. Suppose -3*m - 5*i + 614 = 0, -a*m + m = 5*i - 817. Let j = -102 + m. What is the tens digit of j?
0
Let z be -1*((-9)/(-9))/(3/(-1179)). Let v = z + -204. What is the units digit of v?
9
Let s = 70 - 70. Suppose a - 5*w = 824 - s, -5*a + 4208 = -3*w. What is the hundreds digit of a?
8
Let b be ((-5)/(-2) + 0)*(-6)/(-5). What is the tens digit of 1*1803/(-9)*b*-1?
0
Let r be 14*-26*(60/8 + -5). Let d = 36 - r. What is the hundreds digit of d?
9
Suppose 0 = -v + 2*m + 4, -3*v = 16*m - 15*m - 5. Suppose -c + 791 + 1422 = v*w, c - 3 = 0. What is the hundreds digit of w?
1
Suppose -41214750 = -145*p - 480*p + 88*p. What is the ten thousands digit of p?
7
Let s be 2/8 + (1 - 12152/(-32)). Let z = s + -236. What is the hundreds digit of z?
1
Let a(n) be the third derivative of 1/12*n**4 + 2/3*n**3 + 17*n**2 - 1/40*n**6 - 7/30*n**5 + 0*n + 0. What is the hundreds digit of a(-6)?
1
Let k(d) = -61*d - 1. Suppose m - 2 + 3 = 0. Let u be k(m). Suppose 4*a - 5*z = 357, z + 480 = 5*a + u. What is the units digit of a?
3
Suppose 16405 - 59456 = -34*h + 96315. What is the thousands digit of h?
4
Suppose 18*h - 15*h - 2833 = 4*m, 943 = h - 2*m. What is the tens digit of h?
4
Let o = 2 - 0. What is the units digit of (1 - o)/(3/(-1692)) + 1?
5
Suppose 5*s + 2*g = -15, 3*s + 5 = -5*g + 15. Let n(f) = f**2 - 21. What is the units digit of n(s)?
4
Suppose -67*o + 65*o + 2*z + 123634 = 0, -247219 = -4*o - 3*z. What is the tens digit of o?
1
Let y(i) = -10*i - 65. Let r be y(-13). Let d = r - -468. What is the units digit of d?
3
Let u = -21 + 19. Let c be (-20)/u - (-13 - -15). What is the units digit of c + 0 + -1 + 3?
0
Let u(p) = p**3 + 13*p**2 - 11*p + 17. Let n be -2 + 2 - (8 - -2). What is the hundreds digit of u(n)?
4
Let r be -4*3/6 + -2. Let y(o) = 2 - 6*o - 25*o + 2*o - 2 + 1. What is the units digit of y(r)?
7
Suppose 134*v + 7*v = 1255746. What is the tens digit of v?
0
Let d(m) = 4*m**3 + 3*m**2 - 2*m + 36. What is the tens digit of d(4)?
3
Suppose 35*f - 3804310 + 561005 = -46265. What is the tens digit of f?
4
Suppose -601 = -7*u - 4045. Let v = 1247 - u. What is the thousands digit of v?
1
Let b be (-1)/((-2)/(-4) + (-10)/12). Suppose -4*t - 275 = -3*m, -b*m - 4*t + 15 + 292 = 0. What is the units digit of m?
7
Let h(c) = -8844*c - 2212. What is the tens digit of h(-2)?
7
Let i(o) = 3*o - 32. Let y be i(16). Let x(k) = -k**3 + 16*k**2 + 3*k - 11. Let a be x(y). Suppose -s = -0*s - a. What is the tens digit of s?
3
Let w = 40 - 39. Suppose 5*c = 16 - w. Suppose 0 = -2*l + 6*l - 4*h - 44, l - c*h - 13 = 0. What is the tens digit of l?
1
Suppose 50*h = 53*h - f - 6337, 8471 = 4*h + 3*f. Suppose -v + 0*v - 3*l = -1052, 2*v - h = -4*l. What is the thousands digit of v?
1
Suppose -5*d - 11916 = -2*x + 29474, -4*d - 8 = 0. What is the ten thousands digit of x?
2
Suppose 24631 = 5*a + 3*y, -4*y + 88 + 9756 = 2*a. What is the thousands digit of a?
4
Let d = -57 + 60. Suppose 7 = d*g - 5*m, 5*m - 3*m = 4*g - 14. Suppose g*q = 408 + 116. What is the units digit of q?
1
Let n be (13/(-8)*-4)/(2/4). Suppose -2*s + n - 5 = 0. Suppose 0 = -s*x + 4*i + 556, -3*x = -4*x - i + 133. What is the units digit of x?
6
Let s = -11269 + 44957. What is the thousands digit of s?
3
Let k be -4 + (-4 - 8)/3. Let b(s) = -2*s**2 - 10*s + 14. Let u be b(k). Let l = u + 50. What is the units digit of l?
6
What is the thousands digit of (-39)/390 + (-490602)/(-20)?
4
Let j be (-270)/(-35) - (-4)/14. Let p(z) = -13*z - 8*z - 20*z + j*z. What is the tens digit of p(-2)?
6
Suppose 51*i + 2548 = 47*i. Let h = 1276 + i. What is the tens digit of h?
3
Suppose 2*l - 28*v = -24*v + 18, 2*l + 3*v = 18. Suppose -l*m + 5482 = -1439. What is the tens digit of m?
6
Let q = 1526 + -1169. What is the units digit of q?
7
Suppose -651244 = 64*g - 53*g - 87*g. What is the tens digit of g?
6
Let u = 43109 - 28778. What is the units digit of u?
1
Suppose 0 = -7*t + 14 - 0. Suppose -t*r + 4*m + 7 = -9, 0 = 2*r - 5*m - 19. What is the units digit of r?
2
Let f(v) = -v + 37. Let d be f(17). Suppose d*u = 21*u - 175. What is the hundreds digit of u?
1
What is the hundreds digit of 51817/12 + (-94)/1128?
3
Suppose 0 = -48*f + 64*f - 20144. What is the thousands digit of f?
1
Let v be (-5 - -4)*(3 + (293 - 4)). Let b = -147 - v. What is the hundreds digit of b?
1
What is the tens digit of 1/(1 - 40356/40362)?
2
Let z be 3 + (-3 - 532) - -5. Let q = -56 - z. What is the tens digit of q?
7
Let w be 68/(-68) + -1*12. Let a(o) = -o**3 - 10*o**2 - 22*o + 5. Let y(m) = -m**2 + m + 1. Let r(c) = a(c) + 4*y(c). What is the units digit of r(w)?
4
Suppose 66*a - 26490 = 72*a. What is the tens digit of 33/264 + a/(-8)?
5
Suppose 4*w + 2169 = -5*q + 20698, -2*q = w - 4636. What is the thousands digit of w?
4
Let a = 56 + -107. Let w = 62 - -28. Let d = w - a. What is the tens digit of d?
4
Suppose -5*k = -3*v - 24812, 4762 = k - 2*v - 206. What is the thousands digit of k?
4
Suppose -328*l + 329*l = -3*m + 15242, -3 = 3*l. What is the tens digit of m?
8
Suppose 4*q + 28 = -4*w, w + 5 = -3*q + 2*w. Let z(a) = -57*a + 14. Let c be z(q). Suppose -m + 153 = 2*d, -2*m = 2*d - 127 - c. What is the tens digit of m?
5
Let w be -12*135/(-80) - (-1)/(-4). What is the tens digit of 9/(-10)*-1432 - (-24)/w?
9
Suppose -3*o - 25 + 232 = 0. Let v = -67 + o. Suppose -b + 519 - 59 = 5*l, 103 = l - v*b. What is the units digit of l?
3
Let j(o) = 2*o**3 + 8*o**2 - 12*o - 5. Let f be j(-5). Suppose 0 = g + 2*k - 441, -6*g + f*g - k + 442 = 0. What is the hundreds digit of g?
4
Let j be (1/2)/(13/6006). Let n = j - 180. What is the units digit of n?
1
Let v(y) = -9*y**2 - 1340*y - 283. What is the tens digit of v(-128)?
8
Suppose 0 = -3*n + 15, 2*o - n - 469 = 260. Let s = 1437 - o. What is the hundreds digit of s?
0
Let m(s) = 55*s + 327. Let w(h) = 2*h + 3. Let o(i) = m(i) + 2*w(i). What is the tens digit of o(14)?
5
Let u = 53 + -51. Let d be 114/22 + u/(-11). Suppose -y + 159 = -5*a, 441 = 3*y - 2*a + d*a. What is the tens digit of y?
4
Let k be (-1)/2*(-23)/(322/99288). Suppose s = -5*w + 1143, -117 = 3*s - 3*w - k. What is the thousands digit of s?
1
Suppose 57232 = 4*q + 2*m, 2*q + 163*m - 28622 = 165*m. What is the units digit of q?
9
Let p(r) = 2*r - 3. Let q be p(4). Suppose -4*d = -5*j + 18, q*j + 2*d = 37 - 1. Suppose -2 = -j*l + 28. What is the units digit of l?
5
Suppose 8275 = 30*i - 37081 - 120604. What is the units digit of i?
2
Let v(j) = j**2 + 17*j + 9. Let g be v(13). Suppose -h = -4*h + g. Let o = h + -95. What is the units digit of o?
8
Suppose 39*l - 34*l - 20 = 0. Let t be l*(-2)/(-20) + 206/10. What is the units digit of (-6)/(-21) + 876/t?
2
Suppose 12*j - 7*j = 0. Suppose -p + 2*k = -832, j = -5*p + 37*k - 33*k + 4166. What is the units digit of p?
4
Let v = -1951 - -3529. What is the hundreds digit of v?
5
Let x = -114 - -102. What is the tens digit of (666/(-72))/(-1 - 9/x)?
3
Suppose -24*y + 48*y = 230400. What is the thousands digit of y?
9
Suppose 0 = -2*d - 2*v - 18, -3*v - 37 = 3*d + 2*v. Let p be (1 + -5)*13/d. Let f(s) = -s**2 + 17*s - 21. What is the units digit of f(p)?
1
Suppose -104524 = 51*j + 778592. What is the units digit of 42/(-77) + j/(-44)?
3
Let d(l) = -l**3 - l**2 + 2*l + 2. Let y be 6/(-2)*(-3)/(-9). Let c be d(y). What is the units digit of c - 9*(-40)/6?
0
Let y be 24/(2 - 120/55). Let z = 66 + y. What is the tens digit of (